is divided by 33920?
7
Calculate the remainder when 215079 is divided by 11.
7
Calculate the remainder when 71677 is divided by 26.
21
What is the remainder when 5125 is divided by 5089?
36
What is the remainder when 116495 is divided by 623?
617
Calculate the remainder when 135351 is divided by 14.
13
Calculate the remainder when 25602 is divided by 8531.
9
Calculate the remainder when 50808 is divided by 696.
0
Calculate the remainder when 1530 is divided by 12.
6
What is the remainder when 64292 is divided by 569?
564
Calculate the remainder when 2054948 is divided by 9.
5
Calculate the remainder when 26250 is divided by 8506.
732
Calculate the remainder when 456911 is divided by 456.
455
What is the remainder when 146789 is divided by 1578?
35
Calculate the remainder when 2193 is divided by 2135.
58
What is the remainder when 89481 is divided by 29725?
306
What is the remainder when 14980 is divided by 410?
220
What is the remainder when 111709 is divided by 255?
19
Calculate the remainder when 207758 is divided by 265.
263
Calculate the remainder when 2739 is divided by 493.
274
What is the remainder when 15261 is divided by 248?
133
What is the remainder when 77095 is divided by 31?
29
What is the remainder when 263025 is divided by 2505?
0
Calculate the remainder when 159329 is divided by 94.
93
What is the remainder when 374131 is divided by 14?
9
What is the remainder when 91537 is divided by 10157?
124
Calculate the remainder when 969 is divided by 141.
123
What is the remainder when 39288 is divided by 19?
15
What is the remainder when 3238679 is divided by 411?
410
Calculate the remainder when 348 is divided by 83.
16
Calculate the remainder when 224886 is divided by 37481.
0
What is the remainder when 612 is divided by 313?
299
What is the remainder when 9691 is divided by 285?
1
Calculate the remainder when 6422 is divided by 257.
254
Calculate the remainder when 7159 is divided by 33.
31
What is the remainder when 976 is divided by 299?
79
Calculate the remainder when 6729 is divided by 6726.
3
What is the remainder when 9181 is divided by 58?
17
What is the remainder when 42877 is divided by 70?
37
What is the remainder when 4724 is divided by 99?
71
What is the remainder when 11931 is divided by 745?
11
Calculate the remainder when 132256 is divided by 54.
10
What is the remainder when 642872 is divided by 82?
74
What is the remainder when 696000 is divided by 12?
0
What is the remainder when 89295 is divided by 488?
479
What is the remainder when 935 is divided by 220?
55
What is the remainder when 10291 is divided by 355?
351
Calculate the remainder when 65392 is divided by 107.
15
Calculate the remainder when 1065681 is divided by 532833.
15
What is the remainder when 380809 is divided by 448?
9
What is the remainder when 26022 is divided by 85?
12
What is the remainder when 1948 is divided by 362?
138
Calculate the remainder when 3560 is divided by 61.
22
What is the remainder when 142185 is divided by 123?
120
Calculate the remainder when 1032903 is divided by 238.
221
Calculate the remainder when 24919 is divided by 67.
62
What is the remainder when 10554 is divided by 54?
24
What is the remainder when 23597 is divided by 27?
26
What is the remainder when 9890 is divided by 884?
166
Calculate the remainder when 15292 is divided by 1528.
12
Calculate the remainder when 1211 is divided by 177.
149
Calculate the remainder when 1001 is divided by 6.
5
Calculate the remainder when 31300 is divided by 32.
4
Calculate the remainder when 1668 is divided by 211.
191
Calculate the remainder when 70600 is divided by 1535.
1525
Calculate the remainder when 55780 is divided by 29.
13
Calculate the remainder when 19205 is divided by 113.
108
What is the remainder when 15058 is divided by 21?
1
Calculate the remainder when 2663 is divided by 531.
8
Calculate the remainder when 157137 is divided by 19638.
33
Calculate the remainder when 969 is divided by 7.
3
What is the remainder when 8623 is divided by 133?
111
Calculate the remainder when 79104 is divided by 75.
54
Calculate the remainder when 128982 is divided by 64447.
88
What is the remainder when 11273 is divided by 11228?
45
What is the remainder when 1952 is divided by 730?
492
What is the remainder when 795249 is divided by 92?
1
What is the remainder when 9282 is divided by 18?
12
What is the remainder when 576 is divided by 321?
255
What is the remainder when 10232 is divided by 186?
2
Calculate the remainder when 13712 is divided by 83.
17
What is the remainder when 101110 is divided by 11?
9
What is the remainder when 9030 is divided by 4502?
26
Calculate the remainder when 4550 is divided by 287.
245
What is the remainder when 2751 is divided by 540?
51
Calculate the remainder when 297366 is divided by 111.
108
What is the remainder when 11635 is divided by 56?
43
Calculate the remainder when 5150 is divided by 155.
35
What is the remainder when 1732 is divided by 843?
46
Calculate the remainder when 425651 is divided by 8031.
8
What is the remainder when 25785 is divided by 6?
3
What is the remainder when 1649 is divided by 517?
98
What is the remainder when 13974 is divided by 29?
25
Calculate the remainder when 737 is divided by 111.
71
What is the remainder when 4838 is divided by 137?
43
What is the remainder when 2022 is divided by 45?
42
Calculate the remainder when 459 is divided by 424.
35
Calculate the remainder when 9084 is divided by 10.
4
What is the remainder when 19999 is divided by 500?
499
What is the remainder when 46694 is divided by 119?
46
What is the remainder when 5558 is divided by 32?
22
What is the remainder when 6038 is divided by 1989?
71
Calculate the remainder when 55173 is divided by 789.
732
What is the remainder when 11812 is divided by 984?
4
Calculate the remainder when 2703 is divided by 666.
39
What is the remainder when 13888 is divided by 13874?
14
What is the remainder when 5335 is divided by 1577?
604
What is the remainder when 427027 is divided by 18?
13
Calculate the remainder when 16667 is divided by 143.
79
What is the remainder when 35933 is divided by 7185?
8
Calculate the remainder when 12233 is divided by 3056.
9
Calculate the remainder when 2242 is divided by 155.
72
What is the remainder when 1562 is divided by 25?
12
What is the remainder when 35024 is divided by 11527?
443
What is the remainder when 1377086 is divided by 117?
113
What is the remainder when 12542 is divided by 4173?
23
What is the remainder when 1313204 is divided by 27358?
20
Calculate the remainder when 8505 is divided by 164.
141
Calculate the remainder when 225932 is divided by 28235.
52
What is the remainder when 267474 is divided by 4863?
9
What is the remainder when 31492 is divided by 926?
8
Calculate the remainder when 3776 is divided by 746.
46
Calculate the remainder when 34467 is divided by 193.
113
Calculate the remainder when 487110 is divided by 39.
0
Calculate the remainder when 2044 is divided by 600.
244
What is the remainder when 161 is divided by 10?
1
What is the remainder when 157941 is divided by 1234?
1223
Calculate the remainder when 40174 is divided by 24.
22
What is the remainder when 2069302 is divided by 81?
76
Calculate the remainder when 8201 is divided by 161.
151
What is the remainder when 85523 is divided by 85520?
3
What is the remainder when 178608 is divided by 440?
408
Calculate the remainder when 72512 is divided by 9.
8
What is the remainder when 12501 is divided by 94?
93
What is the remainder when 5315 is divided by 659?
43
What is the remainder when 2137 is divided by 107?
104
Calculate the remainder when 15044 is divided by 14995.
49
Calculate the remainder when 788561 is divided by 39428.
1
Calculate the remainder when 38291 is divided by 37.
33
Calculate the remainder when 4960414 is divided by 77.
74
What is the remainder when 24989 is divided by 4162?
17
What is the remainder when 32099 is divided by 1003?
3
Calculate the remainder when 1829 is divided by 1672.
157
Calculate the remainder when 3302 is divided by 817.
34
What is the remainder when 46064 is divided by 755?
9
Calculate the remainder when 278297 is divided by 208.
201
What is the remainder when 149626 is divided by 375?
1
Calculate the rem